he units digit of y?
8
Let m = -389 + 1078. What is the units digit of m?
9
Let q(g) = g**2 + 7*g - 4. Let c be q(-8). Let d be (c - (2 - 0)) + 1. What is the units digit of (d + -4)*(-3 + 2)?
1
Suppose -2*g + 540 = 2*b, 3*g + 1115 = 8*b - 4*b. What is the units digit of b?
5
Suppose -3*d - 5*q + 3142 = -0*d, -2*d = 5*q - 2103. What is the units digit of d?
9
Let v = -82 + 87. Let t(j) = 9*j - 29. What is the units digit of t(v)?
6
Let j(y) = 17*y - 44. Let b be 1 - ((-68)/(-16))/((-2)/8). What is the tens digit of j(b)?
6
Let g(k) = 40*k. What is the tens digit of g(3)?
2
Let z(h) = 15*h - 4. Suppose 5*l = 4*o - 0 + 4, 3*o - 16 = -l. What is the tens digit of z(l)?
5
Let q be (-1)/2*1*4 + 118. What is the units digit of q - (2 - 0/(-3))?
4
Let x = -12 + 10. Let n(i) = -i**3 + 4*i**2 - 3*i - 2. Let m be n(6). What is the units digit of (m/(-8))/(x/(-4))?
3
Let r(d) = 6 - 4*d + 0 - 4*d + d**2 + d**3. What is the units digit of r(3)?
8
Let p(j) = -2*j**3 - 3*j**2 + 5*j - 6. Let t be p(-3). Suppose -8*d = -t*d - 64. What is the tens digit of d?
3
Let k(p) = -p + 4. Let g be k(3). Let i(v) = 166*v**2 + v - 1. Let a be i(2). What is the units digit of g/(-6) - a/(-30)?
2
Let n = -45 - -48. What is the tens digit of (-30)/25*(-370)/n?
4
Let x = -1343 + 2130. Suppose -9*z + x = -266. What is the hundreds digit of z?
1
Let b = 2464 + -1905. What is the hundreds digit of b?
5
Let i(u) = -2*u - 2. Let k be i(-11). Suppose -9*f = -k*f + 176. What is the units digit of f?
6
Suppose 4*k + 2*n = -12, -5*k = 5*n - 10 + 35. Let j = 2 - k. What is the units digit of ((-3)/j)/((-4)/68)?
7
Suppose 3*s = -53 - 10. Let f = -4 - s. What is the tens digit of f?
1
Suppose -3*c = -3*b - c + 116, 3*c + 3 = 0. What is the tens digit of b?
3
Let c = 12 + 0. Suppose 5*m + g - 14 = 0, m + 5*g - 34 = -c. Suppose 268 = 4*x + m*a, 3*x - 133 = -a + 68. What is the units digit of x?
7
Suppose m - 64 = 6. Suppose 4*s = m - 2. What is the units digit of s + 1*(-4)/(-2)?
9
Let m(t) = 2*t**3 - 14*t**2 - 13*t - 20. Let j be m(7). Let o = 13 - 19. What is the units digit of j/o*2 + -4?
3
Let p be 92/(-6)*6/(-4). Suppose -5*m + 76 = -m. Let o = p - m. What is the units digit of o?
4
Let l(t) = 1 - 2 + 1 + 1 + 7*t. Let a be l(7). Suppose r - 4*r + 4*u = -78, -a = -2*r + 2*u. What is the units digit of r?
2
Let q(k) = -k**2 - 44*k - 70. What is the units digit of q(-21)?
3
Let r be 78/(-10) + 8/10. Let w = 5 - r. What is the tens digit of w?
1
Suppose -4*f - 4*o + 16 = 0, -2*f + 7*f - o = 32. What is the tens digit of (42/(-28))/(f/(-52))?
1
Suppose -3*h - 45 = 2*h + 4*r, 4*h - r = -57. Let j = h + 9. What is the tens digit of (-189)/(-14) - 2/j?
1
Suppose -2*h + 32 = -4*h. Let t be 2/(-8) + 28/h. Let k(x) = x**2 - 2*x - 4. What is the units digit of k(t)?
4
Let p = 25 - 26. Let j(m) = 10*m + 1. Let d be j(p). Let g = -8 - d. What is the units digit of g?
1
Suppose -5*v = 2*t - 0*t + 3, -v = 4*t - 3. What is the units digit of -3 - (-24*t)/2?
9
Suppose 2*y + 24 = -96. Let c = y + 107. What is the tens digit of c?
4
Let l(t) = -t**2 - 2*t - 6. Let a be l(-4). Let z(i) = i**3 - i**2 + 3*i - 7. Let b be z(3). Let s = b - a. What is the units digit of s?
4
Let x = 921 - 51. Suppose -12*s + x = 3*s. What is the tens digit of s?
5
Let b(v) = -4*v - 6. Let n be (-2 - -1)/(1/(-10)). Let h = 4 - n. What is the tens digit of b(h)?
1
Suppose -3*j - 10*k + 984 = -7*k, -k = -5*j + 1658. What is the hundreds digit of j?
3
Let j(q) = q**3 + 4*q**2 + 2*q - 5. Let v be j(-4). Let f = 13 + v. What is the units digit of (24 - f)*30/24?
0
Let j = 140 + -10. Let t = j + 41. What is the units digit of t?
1
What is the tens digit of (3 + 39)*((-18)/(-4) - -1)?
3
Let w(b) = -5*b**2 - 9*b + 2764. What is the thousands digit of w(0)?
2
Suppose 10*p + 3*z + 391 = 11*p, 2*z - 1217 = -3*p. What is the hundreds digit of p?
4
Let y(k) = 27*k - 3. Let j be y(12). Let h = j - 164. Suppose b = -4*a + h, -5*a + 190 = 2*b - 7*b. What is the tens digit of a?
3
Let s = -89 - -344. Suppose 25*q + s = 28*q. What is the units digit of q?
5
Let b(x) = -8*x + 15. Let f(l) = -12*l + 23. Let h(s) = -7*b(s) + 5*f(s). Let c(t) = t**2 + 7*t - 5. Let y be c(-7). What is the tens digit of h(y)?
3
Suppose -3 + 43 = 2*n. Suppose -3*c = 2*c + n, 0 = 3*g + 4*c + 13. What is the units digit of g?
1
Let n(v) = v**2 + 14*v + 88. What is the hundreds digit of n(-16)?
1
Suppose 2*z - 52 = -2*z. Let n(o) = o**3 - 14*o**2 + 20*o - 24. What is the units digit of n(z)?
7
Suppose -4*c + 2004 = -3*f - 5, -4*f + 526 = c. What is the hundreds digit of c?
5
Suppose 2 + 6 = -2*i + 4*w, -i + 5*w = 7. What is the tens digit of (-1)/(0 - i)*-126?
6
Suppose 6*w + 10 = 11*w. Suppose -1179 = -7*h - w*h. What is the hundreds digit of h?
1
Let d = 61 + -57. Suppose 4*u - 6*q - 224 = -2*q, -d*q + 264 = 4*u. What is the units digit of u?
1
Suppose 0 = -g - 65 + 16. Let r be ((-891)/(-22))/(2/4*-1). Let w = g - r. What is the units digit of w?
2
Let o(t) = t**3 + 2*t**2 - t + 7. Let q be o(0). Suppose 5*u - 3*h - 521 = 0, 0 = 4*u - q*u + 2*h + 312. What is the units digit of u?
6
Let w be ((-5)/(15/(-636)))/1. Suppose 6*t + w = 626. What is the units digit of t?
9
Suppose -233 = -4*z + 1871. What is the units digit of z?
6
Let f be 1 + 9 - (-1 - -1). Suppose h + f*h = 913. What is the units digit of h?
3
Let n(d) = 4*d**2 - 26 + 25 - 2*d - 2*d + 0*d**2. What is the tens digit of n(4)?
4
What is the hundreds digit of (537/6 + 0)/((-2)/(-12))?
5
Let r(a) = 127*a + 46. Let n(p) = 191*p + 69. Let k(v) = 5*n(v) - 8*r(v). What is the tens digit of k(-2)?
9
Suppose 47 = 10*f - 143. What is the tens digit of f?
1
Suppose 136*d = 128*d + 2760. What is the units digit of d?
5
Suppose -841 - 563 = -4*s. Suppose -77 - s = -4*m. Let o = -67 + m. What is the units digit of o?
0
Let i(c) = -79*c**3 - 7*c**2 - 4*c + 11. What is the thousands digit of i(-3)?
2
Let q(h) = -h**2 - 4*h. Let n be q(-3). Suppose -4*t - 5*c + 159 = 0, n*t + 2*t = c + 177. What is the tens digit of t?
3
Let m = -828 - -1693. What is the units digit of m?
5
Let f(o) = o**3 - 6*o**2 - 10*o - 6. Let h be f(8). Let p = -69 + h. Let v = p + 47. What is the units digit of v?
0
Suppose -5*p - 6362 = -7*p. What is the hundreds digit of p?
1
Let b = 12 + -10. Let w(z) = 7 + z**2 + z - 3*z - 2*z - b*z. What is the units digit of w(7)?
4
Let u(h) be the first derivative of 25*h**3/3 + h**2/2 - 3*h - 5. What is the hundreds digit of u(-3)?
2
Suppose -1305 = -5*u - 4*u. Let i = 255 - u. What is the tens digit of i?
1
Suppose -2*h + 2*b = -602, 5*h + b - 4*b = 1503. What is the units digit of h?
0
Let v = -395 + 870. What is the hundreds digit of v?
4
Let i = -70 - -399. What is the tens digit of i?
2
Let s(z) = -9*z - 4. Let m(h) = -h**3 + 2*h**2 + 3*h - 2. Let t be m(3). What is the units digit of s(t)?
4
Let n = 113 + -354. Let s = n - -470. What is the units digit of s?
9
Let a(t) = -5*t**3 + 11*t**2 - 3*t + 10. Let o(r) = -6*r**3 + 12*r**2 - 4*r + 10. Let i(k) = 7*a(k) - 6*o(k). What is the units digit of i(-4)?
4
Let p(n) = -3*n - 24. Let k be p(-10). What is the units digit of 6/5*(-20)/k + 165?
1
Suppose 2679 = 4*v - 505. What is the hundreds digit of v?
7
Suppose -16*a + 8535 - 951 = 0. What is the hundreds digit of a?
4
Suppose -5*d - 13*n + 17*n = -21570, 0 = d + 2*n - 4314. What is the hundreds digit of d?
3
Let y(f) = -7*f**2 + 3*f + 11. Let p be y(2). Suppose -l + 34 = l. Let h = l + p. What is the units digit of h?
6
Suppose -570 = -4*z - 2*v, 5*z - 715 = -3*v - 0*v. What is the tens digit of z?
4
Suppose 5*f + 3*o - 11 = 0, -5*f - 5*o + 7 = 2. Suppose -4*s = 5*m + 559 - 1554, f*s = m - 175. What is the units digit of m?
5
Let x be -2*(-1 - 9/6). Suppose 3*g - 70 = 2*l, 17 + 29 = g + x*l. Suppose 2*q - 34 = g. What is the tens digit of q?
3
Let r(y) = 83*y - 261. What is the thousands digit of r(21)?
1
Suppose -110905 - 7311 = -56*n. What is the tens digit of n?
1
Let l(z) = -z**3 - 3*z**2 + 7*z. Let o be l(-5). Let n = o + 40. Let b = -20 + n. What is the units digit of b?
5
Suppose 0 = -3*w - 2*w + 320. Let l(i) = 5*i - 39. Let u be l(15). Let v = w - u. What is the units digit of v?
8
Let u be -1*3/(-1) + -4. Let j be u/(-3) + (-211)/3. Let y = 10 - j. What is the units digit of y?
0
Let q be (4 